{"id":3275,"date":"2023-07-26T04:00:51","date_gmt":"2023-07-26T04:00:51","guid":{"rendered":"https:\/\/hidrosip.com\/?page_id=3275"},"modified":"2024-08-09T22:03:18","modified_gmt":"2024-08-09T22:03:18","slug":"instalaciones","status":"publish","type":"page","link":"https:\/\/hidrosip.com\/index.php\/servicios\/instalaciones\/","title":{"rendered":"Instalaciones"},"content":{"rendered":"\t\t<div data-elementor-type=\"wp-page\" data-elementor-id=\"3275\" class=\"elementor elementor-3275\">\n\t\t\t\t\t\t<section class=\"elementor-section elementor-top-section elementor-element elementor-element-8a29b48 elementor-section-boxed elementor-section-height-default elementor-section-height-default\" data-id=\"8a29b48\" data-element_type=\"section\" data-e-type=\"section\">\n\t\t\t\t\t\t<div class=\"elementor-container elementor-column-gap-default\">\n\t\t\t\t\t<div class=\"elementor-column elementor-col-100 elementor-top-column elementor-element elementor-element-ecd8a5f\" data-id=\"ecd8a5f\" data-element_type=\"column\" data-e-type=\"column\">\n\t\t\t<div class=\"elementor-widget-wrap elementor-element-populated\">\n\t\t\t\t\t\t<div class=\"elementor-element elementor-element-94f6564 elementor-widget elementor-widget-heading\" data-id=\"94f6564\" data-element_type=\"widget\" data-e-type=\"widget\" data-widget_type=\"heading.default\">\n\t\t\t\t<div class=\"elementor-widget-container\">\n\t\t\t\t\t<h2 class=\"elementor-heading-title elementor-size-default\">INSTALACIONES<\/h2>\t\t\t\t<\/div>\n\t\t\t\t<\/div>\n\t\t\t\t\t<\/div>\n\t\t<\/div>\n\t\t\t\t\t<\/div>\n\t\t<\/section>\n\t\t\t\t<section class=\"elementor-section elementor-top-section elementor-element elementor-element-ea8c0ba elementor-section-boxed elementor-section-height-default elementor-section-height-default\" data-id=\"ea8c0ba\" data-element_type=\"section\" data-e-type=\"section\">\n\t\t\t\t\t\t<div class=\"elementor-container elementor-column-gap-default\">\n\t\t\t\t\t<div class=\"elementor-column elementor-col-50 elementor-top-column elementor-element elementor-element-ee24ec8\" data-id=\"ee24ec8\" data-element_type=\"column\" data-e-type=\"column\">\n\t\t\t<div class=\"elementor-widget-wrap elementor-element-populated\">\n\t\t\t\t\t\t<div class=\"elementor-element elementor-element-ad9bd6d elementor-widget elementor-widget-text-editor\" data-id=\"ad9bd6d\" data-element_type=\"widget\" data-e-type=\"widget\" data-widget_type=\"text-editor.default\">\n\t\t\t\t<div class=\"elementor-widget-container\">\n\t\t\t\t\t\t\t\t\t<p><strong>INSTALACIONES DE EQUIPO<\/strong><\/p>\t\t\t\t\t\t\t\t<\/div>\n\t\t\t\t<\/div>\n\t\t\t\t<div class=\"elementor-element elementor-element-af0ac20 elementor-widget elementor-widget-text-editor\" data-id=\"af0ac20\" data-element_type=\"widget\" data-e-type=\"widget\" data-widget_type=\"text-editor.default\">\n\t\t\t\t<div class=\"elementor-widget-container\">\n\t\t\t\t\t\t\t\t\t<p>La instalaci\u00f3n de equipo consta \u00fanicamente de la conexi\u00f3n de la instalaci\u00f3n hidraulica existente al equipo. Cuenta con garantia de 3 mese por defectos como fugas o da\u00f1os derivados de la instalaci\u00f3n realizada por nuestros t\u00e9cnicos.<\/p>\t\t\t\t\t\t\t\t<\/div>\n\t\t\t\t<\/div>\n\t\t\t\t\t<\/div>\n\t\t<\/div>\n\t\t\t\t<div class=\"elementor-column elementor-col-50 elementor-top-column elementor-element elementor-element-33eecd6\" data-id=\"33eecd6\" data-element_type=\"column\" data-e-type=\"column\">\n\t\t\t<div class=\"elementor-widget-wrap elementor-element-populated\">\n\t\t\t\t\t\t<div class=\"elementor-element elementor-element-fe8afc8 elementor-widget elementor-widget-text-editor\" data-id=\"fe8afc8\" data-element_type=\"widget\" data-e-type=\"widget\" data-widget_type=\"text-editor.default\">\n\t\t\t\t<div class=\"elementor-widget-container\">\n\t\t\t\t\t\t\t\t\t<p><img fetchpriority=\"high\" decoding=\"async\" class=\"aligncenter\" src=\"https:\/\/img.freepik.com\/vector-gratis\/ilustracion-concepto-energia-solar_114360-6380.jpg\" alt=\"Vectores e ilustraciones de Solar para descargar gratis\" width=\"312\" height=\"312\" \/><\/p>\t\t\t\t\t\t\t\t<\/div>\n\t\t\t\t<\/div>\n\t\t\t\t\t<\/div>\n\t\t<\/div>\n\t\t\t\t\t<\/div>\n\t\t<\/section>\n\t\t\t\t<section class=\"elementor-section elementor-top-section elementor-element elementor-element-e93ea25 elementor-section-boxed elementor-section-height-default elementor-section-height-default\" data-id=\"e93ea25\" data-element_type=\"section\" data-e-type=\"section\">\n\t\t\t\t\t\t<div class=\"elementor-container elementor-column-gap-default\">\n\t\t\t\t\t<div class=\"elementor-column elementor-col-50 elementor-top-column elementor-element elementor-element-3e999b2\" data-id=\"3e999b2\" data-element_type=\"column\" data-e-type=\"column\">\n\t\t\t<div class=\"elementor-widget-wrap elementor-element-populated\">\n\t\t\t\t\t\t<div class=\"elementor-element elementor-element-66d97f6 elementor-widget elementor-widget-text-editor\" data-id=\"66d97f6\" data-element_type=\"widget\" data-e-type=\"widget\" data-widget_type=\"text-editor.default\">\n\t\t\t\t<div class=\"elementor-widget-container\">\n\t\t\t\t\t\t\t\t\t<p><strong>INSTALACIONES DE DISTRIBUCI\u00d3N HIDR\u00c1ULICA<\/strong><\/p>\t\t\t\t\t\t\t\t<\/div>\n\t\t\t\t<\/div>\n\t\t\t\t<div class=\"elementor-element elementor-element-30fe42d elementor-widget elementor-widget-text-editor\" data-id=\"30fe42d\" data-element_type=\"widget\" data-e-type=\"widget\" data-widget_type=\"text-editor.default\">\n\t\t\t\t<div class=\"elementor-widget-container\">\n\t\t\t\t\t\t\t\t\t<p>Hay 2 opciones para la instalaci\u00f3n hidr\u00e1ulica, para la primera y m\u00e1s com\u00fan se debe planificar la distribuci\u00f3n previamente a la construcci\u00f3n de la piscina, ya que la tuber\u00eda debe ser colocada durante el colado de la estructura buscando que la instalaci\u00f3n hidr\u00e1ulica no sea visible, sin embargo, cuando ya contamos con la pileta construida y queremos a\u00f1adir el equipo de filtraci\u00f3n o calentamiento la distribucion de la misma debera ser planificada con los recursos y espacios existentes buscando que la instalaci\u00f3n sea lo m\u00e1s segura y eficiente posible.<\/p>\t\t\t\t\t\t\t\t<\/div>\n\t\t\t\t<\/div>\n\t\t\t\t\t<\/div>\n\t\t<\/div>\n\t\t\t\t<div class=\"elementor-column elementor-col-50 elementor-top-column elementor-element elementor-element-1f06d29\" data-id=\"1f06d29\" data-element_type=\"column\" data-e-type=\"column\">\n\t\t\t<div class=\"elementor-widget-wrap elementor-element-populated\">\n\t\t\t\t\t\t<div class=\"elementor-element elementor-element-83fa7d5 elementor-widget elementor-widget-text-editor\" data-id=\"83fa7d5\" data-element_type=\"widget\" data-e-type=\"widget\" data-widget_type=\"text-editor.default\">\n\t\t\t\t<div class=\"elementor-widget-container\">\n\t\t\t\t\t\t\t\t\t<p><img decoding=\"async\" class=\"aligncenter\" src=\"https:\/\/img.freepik.com\/vector-premium\/fontanero-servicio-profesional-trabajos-fontaneria-manitas-dibujos-animados-reparando-tuberias-herramientas-servicio-reparacion-concepto-mantenimiento-instalacion-suministro-servicios-agua_87946-3847.jpg\" alt=\"Fontanero Servicio profesional de trabajos de fontaner\u00eda Manitas de dibujos animados reparando tuber\u00edas con herramientas Servicio de reparaci\u00f3n y concepto de mantenimiento Instalaci\u00f3n y suministro de servicios de agua | Vector Premium\" width=\"236\" height=\"307\" \/><\/p>\t\t\t\t\t\t\t\t<\/div>\n\t\t\t\t<\/div>\n\t\t\t\t\t<\/div>\n\t\t<\/div>\n\t\t\t\t\t<\/div>\n\t\t<\/section>\n\t\t\t\t<section class=\"elementor-section elementor-top-section elementor-element elementor-element-676ef8e elementor-section-boxed elementor-section-height-default elementor-section-height-default\" data-id=\"676ef8e\" data-element_type=\"section\" data-e-type=\"section\">\n\t\t\t\t\t\t<div class=\"elementor-container elementor-column-gap-default\">\n\t\t\t\t\t<div class=\"elementor-column elementor-col-50 elementor-top-column elementor-element elementor-element-c63c921\" data-id=\"c63c921\" data-element_type=\"column\" data-e-type=\"column\">\n\t\t\t<div class=\"elementor-widget-wrap elementor-element-populated\">\n\t\t\t\t\t\t<div class=\"elementor-element elementor-element-2c336f7 elementor-widget elementor-widget-text-editor\" data-id=\"2c336f7\" data-element_type=\"widget\" data-e-type=\"widget\" data-widget_type=\"text-editor.default\">\n\t\t\t\t<div class=\"elementor-widget-container\">\n\t\t\t\t\t\t\t\t\t<p><strong>PRUEBAS Y PUESTAS EN FUNCIONAMIENTO<\/strong><\/p>\t\t\t\t\t\t\t\t<\/div>\n\t\t\t\t<\/div>\n\t\t\t\t<div class=\"elementor-element elementor-element-39168bf elementor-widget elementor-widget-text-editor\" data-id=\"39168bf\" data-element_type=\"widget\" data-e-type=\"widget\" data-widget_type=\"text-editor.default\">\n\t\t\t\t<div class=\"elementor-widget-container\">\n\t\t\t\t\t\t\t\t\t<p>PRUEBAS: Depu\u00e9s de realizar la instalaci\u00f3n nuestro t\u00e9cnico probar\u00e1 el equipo en presencia de la persona responsable de la piscina, (nuestro t\u00e9cnico deber\u00e1 tomar fotos y videos como evidencia del correcto funcionamiento del equipo) para finalmente apagar de nueva cuenta el equipo y retirarse del lugar.<\/p><p>PUESTAS EN FUNCIONAMIENTO: Cuando el equipo no ha sido utilizado por un periodo de tiempo largo, es necesario realizar una rehabilitaci\u00f3n de equipo el cual consta de evaluar la calidad tanto del equipo como de la tuber\u00eda hidr\u00e1ulica para determinar si es posible reparar o es necesario adquirir equipo o tuber\u00eda nueva. Al final del proceso de rehabilitaci\u00f3n se realiza la demostraci\u00f3n en presencia de la persona responsable de la piscina para as\u00ed dejar el equipo funcionando en las mejores condiciones posibles.<\/p>\t\t\t\t\t\t\t\t<\/div>\n\t\t\t\t<\/div>\n\t\t\t\t\t<\/div>\n\t\t<\/div>\n\t\t\t\t<div class=\"elementor-column elementor-col-50 elementor-top-column elementor-element elementor-element-aab05a4\" data-id=\"aab05a4\" data-element_type=\"column\" data-e-type=\"column\">\n\t\t\t<div class=\"elementor-widget-wrap elementor-element-populated\">\n\t\t\t\t\t\t<div class=\"elementor-element elementor-element-9ac2659 elementor-widget elementor-widget-text-editor\" data-id=\"9ac2659\" data-element_type=\"widget\" data-e-type=\"widget\" data-widget_type=\"text-editor.default\">\n\t\t\t\t<div class=\"elementor-widget-container\">\n\t\t\t\t\t\t\t\t\t<p>\u00a0<\/p><p><img decoding=\"async\" class=\"\" src=\"https:\/\/img.freepik.com\/vector-premium\/ilustraciones-vectores-dibujos-animados-aislados-ingenieria-petrolera_107173-21664.jpg\" alt=\"Ilustraciones de vectores de dibujos animados aislados de ingenier\u00eda petrolera | Vector Premium\" width=\"371\" height=\"371\" \/><\/p>\t\t\t\t\t\t\t\t<\/div>\n\t\t\t\t<\/div>\n\t\t\t\t\t<\/div>\n\t\t<\/div>\n\t\t\t\t\t<\/div>\n\t\t<\/section>\n\t\t\t\t<\/div>\n\t\t","protected":false},"excerpt":{"rendered":"<p>INSTALACIONES INSTALACIONES DE EQUIPO La instalaci\u00f3n de equipo consta \u00fanicamente de la conexi\u00f3n de la instalaci\u00f3n hidraulica existente al equipo. Cuenta con garantia de 3 mese por defectos como fugas o da\u00f1os derivados de la instalaci\u00f3n realizada por nuestros t\u00e9cnicos. INSTALACIONES DE DISTRIBUCI\u00d3N HIDR\u00c1ULICA Hay 2 opciones para la instalaci\u00f3n hidr\u00e1ulica, para la primera y [&hellip;]<\/p>\n","protected":false},"author":5,"featured_media":0,"parent":1197,"menu_order":3,"comment_status":"closed","ping_status":"closed","template":"","meta":{"_uag_custom_page_level_css":"","site-sidebar-layout":"no-sidebar","site-content-layout":"page-builder","ast-site-content-layout":"default","site-content-style":"default","site-sidebar-style":"default","ast-global-header-display":"","ast-banner-title-visibility":"","ast-main-header-display":"","ast-hfb-above-header-display":"","ast-hfb-below-header-display":"","ast-hfb-mobile-header-display":"","site-post-title":"disabled","ast-breadcrumbs-content":"","ast-featured-img":"disabled","footer-sml-layout":"","theme-transparent-header-meta":"","adv-header-id-meta":"","stick-header-meta":"","header-above-stick-meta":"","header-main-stick-meta":"","header-below-stick-meta":"","astra-migrate-meta-layouts":"default","ast-page-background-enabled":"default","ast-page-background-meta":{"desktop":{"background-color":"","background-image":"","background-repeat":"repeat","background-position":"center center","background-size":"auto","background-attachment":"scroll","background-type":"","background-media":"","overlay-type":"","overlay-color":"","overlay-opacity":"","overlay-gradient":""},"tablet":{"background-color":"","background-image":"","background-repeat":"repeat","background-position":"center center","background-size":"auto","background-attachment":"scroll","background-type":"","background-media":"","overlay-type":"","overlay-color":"","overlay-opacity":"","overlay-gradient":""},"mobile":{"background-color":"","background-image":"","background-repeat":"repeat","background-position":"center center","background-size":"auto","background-attachment":"scroll","background-type":"","background-media":"","overlay-type":"","overlay-color":"","overlay-opacity":"","overlay-gradient":""}},"ast-content-background-meta":{"desktop":{"background-color":"var(--ast-global-color-5)","background-image":"","background-repeat":"repeat","background-position":"center center","background-size":"auto","background-attachment":"scroll","background-type":"","background-media":"","overlay-type":"","overlay-color":"","overlay-opacity":"","overlay-gradient":""},"tablet":{"background-color":"var(--ast-global-color-5)","background-image":"","background-repeat":"repeat","background-position":"center center","background-size":"auto","background-attachment":"scroll","background-type":"","background-media":"","overlay-type":"","overlay-color":"","overlay-opacity":"","overlay-gradient":""},"mobile":{"background-color":"var(--ast-global-color-5)","background-image":"","background-repeat":"repeat","background-position":"center center","background-size":"auto","background-attachment":"scroll","background-type":"","background-media":"","overlay-type":"","overlay-color":"","overlay-opacity":"","overlay-gradient":""}},"footnotes":""},"class_list":["post-3275","page","type-page","status-publish","hentry"],"aioseo_notices":[],"uagb_featured_image_src":{"full":false,"thumbnail":false,"medium":false,"medium_large":false,"large":false,"1536x1536":false,"2048x2048":false},"uagb_author_info":{"display_name":"Olga Fabiola Alc\u00e1ntara Ruiz","author_link":"https:\/\/hidrosip.com\/index.php\/author\/director-general-piscinas-hidrosip\/"},"uagb_comment_info":0,"uagb_excerpt":"INSTALACIONES INSTALACIONES DE EQUIPO La instalaci\u00f3n de equipo consta \u00fanicamente de la conexi\u00f3n de la instalaci\u00f3n hidraulica existente al equipo. Cuenta con garantia de 3 mese por defectos como fugas o da\u00f1os derivados de la instalaci\u00f3n realizada por nuestros t\u00e9cnicos. INSTALACIONES DE DISTRIBUCI\u00d3N HIDR\u00c1ULICA Hay 2 opciones para la instalaci\u00f3n hidr\u00e1ulica, para la primera y&hellip;","_links":{"self":[{"href":"https:\/\/hidrosip.com\/index.php\/wp-json\/wp\/v2\/pages\/3275","targetHints":{"allow":["GET"]}}],"collection":[{"href":"https:\/\/hidrosip.com\/index.php\/wp-json\/wp\/v2\/pages"}],"about":[{"href":"https:\/\/hidrosip.com\/index.php\/wp-json\/wp\/v2\/types\/page"}],"author":[{"embeddable":true,"href":"https:\/\/hidrosip.com\/index.php\/wp-json\/wp\/v2\/users\/5"}],"replies":[{"embeddable":true,"href":"https:\/\/hidrosip.com\/index.php\/wp-json\/wp\/v2\/comments?post=3275"}],"version-history":[{"count":73,"href":"https:\/\/hidrosip.com\/index.php\/wp-json\/wp\/v2\/pages\/3275\/revisions"}],"predecessor-version":[{"id":4240,"href":"https:\/\/hidrosip.com\/index.php\/wp-json\/wp\/v2\/pages\/3275\/revisions\/4240"}],"up":[{"embeddable":true,"href":"https:\/\/hidrosip.com\/index.php\/wp-json\/wp\/v2\/pages\/1197"}],"wp:attachment":[{"href":"https:\/\/hidrosip.com\/index.php\/wp-json\/wp\/v2\/media?parent=3275"}],"curies":[{"name":"wp","href":"https:\/\/api.w.org\/{rel}","templated":true}]}}